prime factors of 15135201.
3, 97, 5779
List the prime factors of 2768629040.
2, 5, 191, 181193
What are the prime factors of 264287240?
2, 5, 7, 233, 4051
What are the prime factors of 85088117?
29, 2934073
List the prime factors of 501012064.
2, 7, 19, 67, 251
List the prime factors of 3140675772.
2, 3, 13, 1523, 13219
List the prime factors of 193584848.
2, 17, 711709
What are the prime factors of 90904556?
2, 23, 988093
List the prime factors of 28520693.
191, 149323
What are the prime factors of 16584715?
5, 7, 613, 773
What are the prime factors of 101224121?
41, 2468881
What are the prime factors of 1476374015?
5, 295274803
List the prime factors of 822384677.
18287, 44971
List the prime factors of 7404232499.
9403, 787433
What are the prime factors of 761559904?
2, 7, 3399821
What are the prime factors of 5771015395?
5, 151, 709, 10781
What are the prime factors of 101785881?
3, 61, 101, 5507
What are the prime factors of 9453851?
11, 23, 43, 79
List the prime factors of 1966129688.
2, 59, 443, 9403
List the prime factors of 595517196.
2, 3, 23, 2157671
List the prime factors of 1287346096.
2, 2389, 33679
What are the prime factors of 20193541?
29, 311, 2239
List the prime factors of 8857200.
2, 3, 5, 11, 61
What are the prime factors of 72419308?
2, 13, 1392679
What are the prime factors of 85138462?
2, 31, 1373201
What are the prime factors of 4636060958?
2, 2318030479
What are the prime factors of 1254550455?
3, 5, 27878899
List the prime factors of 70628956.
2, 17657239
What are the prime factors of 127040541?
3, 17, 839, 2969
What are the prime factors of 91445761?
11, 8313251
What are the prime factors of 1572830368?
2, 49150949
What are the prime factors of 636352519?
11, 251, 230479
List the prime factors of 1519548123.
3, 19, 1733, 15383
List the prime factors of 186634297.
347, 593, 907
List the prime factors of 74260527.
3, 11, 43, 59, 887
What are the prime factors of 1885370665?
5, 19, 59, 336373
What are the prime factors of 150251240?
2, 5, 19, 197699
List the prime factors of 117031288.
2, 11, 71, 18731
List the prime factors of 529246488.
2, 3, 22051937
List the prime factors of 200203550.
2, 5, 47, 85193
What are the prime factors of 4558582286?
2, 46771, 48733
List the prime factors of 596603649.
3, 31, 6415093
List the prime factors of 7388230126.
2, 599, 6167137
List the prime factors of 7235440.
2, 5, 149, 607
List the prime factors of 264188976.
2, 3, 17, 569
List the prime factors of 395737462.
2, 47, 1117, 3769
List the prime factors of 1835042096.
2, 67, 1711793
What are the prime factors of 1112757427?
2593, 429139
List the prime factors of 1642886.
2, 7, 239, 491
What are the prime factors of 2120581385?
5, 13, 32624329
What are the prime factors of 4064904203?
4064904203
List the prime factors of 132950651.
10253, 12967
List the prime factors of 163370110.
2, 5, 2393, 6827
What are the prime factors of 3449180852?
2, 13, 53, 71, 17627
List the prime factors of 275101838.
2, 11, 12504629
What are the prime factors of 62616143?
23, 41, 2887
List the prime factors of 195543646.
2, 103, 949241
List the prime factors of 118572867.
3, 7, 563, 3343
What are the prime factors of 590501744?
2, 7, 753191
What are the prime factors of 337160383?
7, 48165769
What are the prime factors of 584807522?
2, 13, 23, 431, 2269
What are the prime factors of 398548968?
2, 3, 23, 181, 3989
What are the prime factors of 381849810?
2, 3, 5, 41, 310447
List the prime factors of 2463971275.
5, 59, 1670489
List the prime factors of 266241304.
2, 7, 199, 3413
What are the prime factors of 34421077?
34421077
What are the prime factors of 532166192?
2, 33260387
What are the prime factors of 235739847?
3, 7, 233, 48179
List the prime factors of 1491269092.
2, 372817273
What are the prime factors of 2554347662?
2, 23, 43, 1291379
List the prime factors of 56371611.
3, 18790537
What are the prime factors of 353565008?
2, 229, 96497
List the prime factors of 1535629447.
11, 139602677
What are the prime factors of 220204022?
2, 61, 1804951
List the prime factors of 588626512.
2, 31, 491, 2417
List the prime factors of 2290677720.
2, 3, 5, 1213, 15737
What are the prime factors of 2110013010?
2, 3, 5, 7, 43, 3709
What are the prime factors of 729909972?
2, 3, 11, 1843207
What are the prime factors of 2547140216?
2, 318392527
List the prime factors of 157519368.
2, 3, 2187769
List the prime factors of 152362784.
2, 7, 167, 4073
List the prime factors of 43400308.
2, 7, 199, 7789
What are the prime factors of 20188492?
2, 5047123
List the prime factors of 232487377.
103, 271, 8329
What are the prime factors of 4762689151?
11, 83, 1553, 3359
List the prime factors of 270345011.
270345011
List the prime factors of 124523734.
2, 62261867
List the prime factors of 1763999019.
3, 43, 439, 3461
List the prime factors of 402475841.
19, 21182939
List the prime factors of 59145698.
2, 41, 71, 10159
List the prime factors of 3795053077.
31, 122421067
What are the prime factors of 101881866?
2, 3, 73, 232607
What are the prime factors of 8187144929?
23, 163, 2183821
List the prime factors of 434244722.
2, 751, 289111
List the prime factors of 1818619058.
2, 29, 89, 352309
What are the prime factors of 1411365145?
5, 9859, 28631
List the prime factors of 2716282373.
7, 388040339
List the prime factors of 21307333.
21307333
What are the prime factors of 23615572?
2, 23, 197, 1303
What are the prime factors of 72883010?
2, 5, 7288301
What are the prime factors of 2115991277?
47, 45021091
List the prime factors of 898547808.
2, 3, 23, 406951
What are the prime factors of 8003174839?
11, 727561349
What are the prime factors of 2382519?
3, 794173
List the prime factors of 499506527.
13, 29, 1324951
List the prime factors of 253268538.
2, 3, 43, 251, 3911
What are the prime factors of 41700552?
2, 3, 1737523
What are the prime factors of 861597225?
3, 5, 3829321
What are the prime factors of 5486751725?
5, 7, 13, 113, 3049
List the prime factors of 8499549.
3, 31, 91393
What are the prime factors of 213925788?
2, 3, 19, 312757
List the prime factors of 111648031.
11, 83, 11117
List the prime factors of 4187566.
2, 2093783
What are the prime factors of 327949001?
53, 6187717
What are the prime factors of 189197265?
3, 5, 409, 30839
What are the prime factors of 25977866?
2, 239, 54347
What are the prime factors of 795370265?
5, 3373, 47161
What are the prime factors of 580076892?
2, 3, 16113247
List the prime factors of 1152751536.
2, 3, 23, 348053
What are the prime factors of 7414959147?
3, 233, 10607953
List the prime factors of 604525902.
2, 3, 100754317
What are the prime factors of 31079347?
13, 977, 2447
What are the prime factors of 119131429?
119131429
What are the prime factors of 381112619?
809, 471091
List the prime factors of 57681553.
3739, 15427
What are the prime factors of 7266355987?
11, 660577817
List the prime factors of 15348096.
2, 3, 4441
What are the prime factors of 59036935?
5, 47, 251221
What are the prime factors of 382685773?
157, 2437489
What are the prime factors of 48050521?
3257, 14753
What are the prime factors of 11420723?
3011, 3793
List the prime factors of 40461815.
5, 29, 279047
What are the prime factors of 3268183865?
5, 653636773
List the prime factors of 594624651.
3, 198208217
What are the prime factors of 304230730?
2, 5, 757, 40189
List the prime factors of 34778419.
13, 941, 2843
List the prime factors of 1097266404.
2, 3, 13, 89, 79031
What are the prime factors of 327965405?
5, 631, 103951
What are the prime factors of 429094133?
13, 151, 218591
List the prime factors of 1363882299.
3, 13, 43, 813287
List the prime factors of 744533305.
5, 5581, 26681
List the prime factors of 3303254534.
2, 16529, 99923
What are the prime factors of 3759082923?
3, 1253027641
What are the prime factors of 464745361?
19079, 24359
List the prime factors of 1116862630.
2, 5, 13, 8591251
List the prime factors of 1662992290.
2, 5, 19, 59, 109, 1361
List the prime factors of 42736371.
3, 14245457
What are the prime factors of 1053735756?
2, 3, 31, 2832623
What are the prime factors of 93852815?
5, 7, 73, 109, 337
What are the prime factors of 41959734?
2, 3, 1453, 4813
List the prime factors of 3805817751.
3, 23, 6128531
List the pri